{"id":970,"date":"2022-01-13T13:14:27","date_gmt":"2022-01-13T12:14:27","guid":{"rendered":"http:\/\/pamiatki.leszno.pl\/?post_type=product&#038;p=970"},"modified":"2024-11-04T09:45:16","modified_gmt":"2024-11-04T08:45:16","slug":"zakladka-do-ksiazki","status":"publish","type":"product","link":"http:\/\/pamiatki.leszno.pl\/index.php\/produkt\/zakladka-do-ksiazki\/","title":{"rendered":"Zak\u0142adka do ksi\u0105zki"},"content":{"rendered":"","protected":false},"excerpt":{"rendered":"<p>Zak\u0142adka do ksi\u0105\u017cki<\/p>\n<p>wykonana z tworzywa sztucznego<\/p>\n<p>&nbsp;<\/p>\n","protected":false},"featured_media":971,"template":"","meta":[],"_links":{"self":[{"href":"http:\/\/pamiatki.leszno.pl\/index.php\/wp-json\/wp\/v2\/product\/970"}],"collection":[{"href":"http:\/\/pamiatki.leszno.pl\/index.php\/wp-json\/wp\/v2\/product"}],"about":[{"href":"http:\/\/pamiatki.leszno.pl\/index.php\/wp-json\/wp\/v2\/types\/product"}],"wp:featuredmedia":[{"embeddable":true,"href":"http:\/\/pamiatki.leszno.pl\/index.php\/wp-json\/wp\/v2\/media\/971"}],"wp:attachment":[{"href":"http:\/\/pamiatki.leszno.pl\/index.php\/wp-json\/wp\/v2\/media?parent=970"}],"curies":[{"name":"wp","href":"https:\/\/api.w.org\/{rel}","templated":true}]}}

Zakładka do ksiązki

<p>Zakładka do książki</p>
<p>wykonana z tworzywa sztucznego</p>
<p>&nbsp;</p>
