{"id":965,"date":"2022-01-10T11:44:33","date_gmt":"2022-01-10T10:44:33","guid":{"rendered":"http:\/\/pamiatki.leszno.pl\/?post_type=product&#038;p=965"},"modified":"2024-11-04T09:45:37","modified_gmt":"2024-11-04T08:45:37","slug":"ksiazka-jozef_olejniczak","status":"publish","type":"product","link":"http:\/\/pamiatki.leszno.pl\/index.php\/produkt\/ksiazka-jozef_olejniczak\/","title":{"rendered":"Ksi\u0105\u017cka J\u00f3zef Olejniczak (1918 &#8211; 2001) &#8211; Zawodnik, trener, dzia\u0142acz sportu \u017cu\u017clowego"},"content":{"rendered":"<p>&nbsp;<\/p>\n<p>&nbsp;<\/p>\n","protected":false},"excerpt":{"rendered":"<div dir=\"auto\">\n<div class=\"o9v6fnle cxmmr5t8 oygrvhab hcukyx3x c1et5uql ii04i59q\">\n<div dir=\"auto\">&#8222;J\u00f3zef Olejniczak\u00a0 (1918 &#8211; 2001)<\/div>\n<div dir=\"auto\">Zawodnik, trener, dzia\u0142acz sporu \u017cu\u017clowego&#8221;<\/div>\n<div dir=\"auto\">autor:<\/div>\n<div dir=\"auto\">Jaros\u0142aw Wawrzyniak<\/div>\n<div dir=\"auto\">Ksi\u0105\u017cka z cyklu CIVES NOSTRI<\/div>\n<div dir=\"auto\">160 stron<\/div>\n<div dir=\"auto\"><\/div>\n<\/div>\n<\/div>\n","protected":false},"featured_media":966,"template":"","meta":[],"_links":{"self":[{"href":"http:\/\/pamiatki.leszno.pl\/index.php\/wp-json\/wp\/v2\/product\/965"}],"collection":[{"href":"http:\/\/pamiatki.leszno.pl\/index.php\/wp-json\/wp\/v2\/product"}],"about":[{"href":"http:\/\/pamiatki.leszno.pl\/index.php\/wp-json\/wp\/v2\/types\/product"}],"wp:featuredmedia":[{"embeddable":true,"href":"http:\/\/pamiatki.leszno.pl\/index.php\/wp-json\/wp\/v2\/media\/966"}],"wp:attachment":[{"href":"http:\/\/pamiatki.leszno.pl\/index.php\/wp-json\/wp\/v2\/media?parent=965"}],"curies":[{"name":"wp","href":"https:\/\/api.w.org\/{rel}","templated":true}]}}

Książka Józef Olejniczak (1918 &#8211; 2001) &#8211; Zawodnik, trener, działacz sportu żużlowego

<div dir="auto">
<div class="o9v6fnle cxmmr5t8 oygrvhab hcukyx3x c1et5uql ii04i59q">
<div dir="auto">&#8222;Józef Olejniczak  (1918 &#8211; 2001)</div>
<div dir="auto">Zawodnik, trener, działacz sporu żużlowego&#8221;</div>
<div dir="auto">autor:</div>
<div dir="auto">Jarosław Wawrzyniak</div>
<div dir="auto">Książka z cyklu CIVES NOSTRI</div>
<div dir="auto">160 stron</div>
<div dir="auto"></div>
</div>
</div>
