{"id":890,"date":"2021-03-04T10:35:20","date_gmt":"2021-03-04T09:35:20","guid":{"rendered":"http:\/\/pamiatki.leszno.pl\/?post_type=product&#038;p=890"},"modified":"2025-11-22T13:22:31","modified_gmt":"2025-11-22T12:22:31","slug":"magnes-leszno-akwarela","status":"publish","type":"product","link":"http:\/\/pamiatki.leszno.pl\/index.php\/produkt\/magnes-leszno-akwarela\/","title":{"rendered":"Magnes &#8211; Leszno &#8211; akwarela"},"content":{"rendered":"","protected":false},"excerpt":{"rendered":"<p>pami\u0105tkowy magnes na lod\u00f3wk\u0119 &#8211; kopia akwareli Wilhelma Ballarina przedstawiaj\u0105ca rynek w Lesznie z 1938 roku.<\/p>\n<p>&nbsp;<\/p>\n","protected":false},"featured_media":886,"template":"","meta":[],"_links":{"self":[{"href":"http:\/\/pamiatki.leszno.pl\/index.php\/wp-json\/wp\/v2\/product\/890"}],"collection":[{"href":"http:\/\/pamiatki.leszno.pl\/index.php\/wp-json\/wp\/v2\/product"}],"about":[{"href":"http:\/\/pamiatki.leszno.pl\/index.php\/wp-json\/wp\/v2\/types\/product"}],"wp:featuredmedia":[{"embeddable":true,"href":"http:\/\/pamiatki.leszno.pl\/index.php\/wp-json\/wp\/v2\/media\/886"}],"wp:attachment":[{"href":"http:\/\/pamiatki.leszno.pl\/index.php\/wp-json\/wp\/v2\/media?parent=890"}],"curies":[{"name":"wp","href":"https:\/\/api.w.org\/{rel}","templated":true}]}}

<p>pamiątkowy magnes na lodówkę &#8211; kopia akwareli Wilhelma Ballarina przedstawiająca rynek w Lesznie z 1938 roku.</p>
<p>&nbsp;</p>
