{"id":882,"date":"2021-03-04T10:30:10","date_gmt":"2021-03-04T09:30:10","guid":{"rendered":"http:\/\/pamiatki.leszno.pl\/?post_type=product&#038;p=882"},"modified":"2024-11-04T10:25:50","modified_gmt":"2024-11-04T09:25:50","slug":"magnes-leszno-rycina","status":"publish","type":"product","link":"http:\/\/pamiatki.leszno.pl\/index.php\/produkt\/magnes-leszno-rycina\/","title":{"rendered":"Magnes &#8211; Leszno &#8211; drzeworyt"},"content":{"rendered":"","protected":false},"excerpt":{"rendered":"<p>pami\u0105tkowy magnes na lod\u00f3wk\u0119 &#8211; wizerunek drzeworytu Leszna z 1650 roku.<\/p>\n<p>&nbsp;<\/p>\n","protected":false},"featured_media":887,"template":"","meta":[],"_links":{"self":[{"href":"http:\/\/pamiatki.leszno.pl\/index.php\/wp-json\/wp\/v2\/product\/882"}],"collection":[{"href":"http:\/\/pamiatki.leszno.pl\/index.php\/wp-json\/wp\/v2\/product"}],"about":[{"href":"http:\/\/pamiatki.leszno.pl\/index.php\/wp-json\/wp\/v2\/types\/product"}],"wp:featuredmedia":[{"embeddable":true,"href":"http:\/\/pamiatki.leszno.pl\/index.php\/wp-json\/wp\/v2\/media\/887"}],"wp:attachment":[{"href":"http:\/\/pamiatki.leszno.pl\/index.php\/wp-json\/wp\/v2\/media?parent=882"}],"curies":[{"name":"wp","href":"https:\/\/api.w.org\/{rel}","templated":true}]}}

<p>pamiątkowy magnes na lodówkę &#8211; wizerunek drzeworytu Leszna z 1650 roku.</p>
<p>&nbsp;</p>
