{"id":852,"date":"2020-12-17T09:42:45","date_gmt":"2020-12-17T08:42:45","guid":{"rendered":"http:\/\/pamiatki.leszno.pl\/?post_type=product&#038;p=852"},"modified":"2024-11-04T10:27:11","modified_gmt":"2024-11-04T09:27:11","slug":"smycz-zlesznoseeunow","status":"publish","type":"product","link":"http:\/\/pamiatki.leszno.pl\/index.php\/produkt\/smycz-zlesznoseeunow\/","title":{"rendered":"Smycz z herbem oraz has\u0142em #LESZNOseeUnow"},"content":{"rendered":"","protected":false},"excerpt":{"rendered":"<p>Smycz z klamr\u0105 metalow\u0105<\/p>\n<p>w czterech kolorach do wyboru (przy zam\u00f3wieniu prosimy o podanie koloru )<\/p>\n","protected":false},"featured_media":853,"template":"","meta":[],"_links":{"self":[{"href":"http:\/\/pamiatki.leszno.pl\/index.php\/wp-json\/wp\/v2\/product\/852"}],"collection":[{"href":"http:\/\/pamiatki.leszno.pl\/index.php\/wp-json\/wp\/v2\/product"}],"about":[{"href":"http:\/\/pamiatki.leszno.pl\/index.php\/wp-json\/wp\/v2\/types\/product"}],"wp:featuredmedia":[{"embeddable":true,"href":"http:\/\/pamiatki.leszno.pl\/index.php\/wp-json\/wp\/v2\/media\/853"}],"wp:attachment":[{"href":"http:\/\/pamiatki.leszno.pl\/index.php\/wp-json\/wp\/v2\/media?parent=852"}],"curies":[{"name":"wp","href":"https:\/\/api.w.org\/{rel}","templated":true}]}}

Smycz z herbem oraz hasłem #LESZNOseeUnow

<p>Smycz z klamrą metalową</p>
<p>w czterech kolorach do wyboru (przy zamówieniu prosimy o podanie koloru )</p>
