{"id":841,"date":"2020-12-10T10:44:10","date_gmt":"2020-12-10T09:44:10","guid":{"rendered":"http:\/\/pamiatki.leszno.pl\/?post_type=product&#038;p=841"},"modified":"2025-12-17T12:17:31","modified_gmt":"2025-12-17T11:17:31","slug":"leszczynski_samorzad_w_latach_1990-2020","status":"publish","type":"product","link":"http:\/\/pamiatki.leszno.pl\/index.php\/produkt\/leszczynski_samorzad_w_latach_1990-2020\/","title":{"rendered":"Leszczy\u0144ski Samorz\u0105d w latach 1990 &#8211; 2020"},"content":{"rendered":"","protected":false},"excerpt":{"rendered":"<p>Tytu\u0142: Leszczy\u0144ski Samorz\u0105d w latach 1990 &#8211; 2020<\/p>\n<p>Autor: Antoni Mazankiewicz<\/p>\n<p>twarda oprawa<\/p>\n<p>392 strony<\/p>\n","protected":false},"featured_media":842,"template":"","meta":[],"_links":{"self":[{"href":"http:\/\/pamiatki.leszno.pl\/index.php\/wp-json\/wp\/v2\/product\/841"}],"collection":[{"href":"http:\/\/pamiatki.leszno.pl\/index.php\/wp-json\/wp\/v2\/product"}],"about":[{"href":"http:\/\/pamiatki.leszno.pl\/index.php\/wp-json\/wp\/v2\/types\/product"}],"wp:featuredmedia":[{"embeddable":true,"href":"http:\/\/pamiatki.leszno.pl\/index.php\/wp-json\/wp\/v2\/media\/842"}],"wp:attachment":[{"href":"http:\/\/pamiatki.leszno.pl\/index.php\/wp-json\/wp\/v2\/media?parent=841"}],"curies":[{"name":"wp","href":"https:\/\/api.w.org\/{rel}","templated":true}]}}

Leszczyński Samorząd w latach 1990 &#8211; 2020

<p>Tytuł: Leszczyński Samorząd w latach 1990 &#8211; 2020</p>
<p>Autor: Antoni Mazankiewicz</p>
<p>twarda oprawa</p>
<p>392 strony</p>
