{"id":662,"date":"2020-02-21T11:17:28","date_gmt":"2020-02-21T10:17:28","guid":{"rendered":"http:\/\/pamiatki.leszno.pl\/?post_type=product&#038;p=662"},"modified":"2025-11-22T13:20:12","modified_gmt":"2025-11-22T12:20:12","slug":"magnes-leszno-zuzel","status":"publish","type":"product","link":"http:\/\/pamiatki.leszno.pl\/index.php\/produkt\/magnes-leszno-zuzel\/","title":{"rendered":"Magnes &#8211; Leszno \u017cu\u017cel"},"content":{"rendered":"","protected":false},"excerpt":{"rendered":"<p>pami\u0105tkowy magnes na lod\u00f3wk\u0119<\/p>\n<p>&nbsp;<\/p>\n","protected":false},"featured_media":593,"template":"","meta":[],"_links":{"self":[{"href":"http:\/\/pamiatki.leszno.pl\/index.php\/wp-json\/wp\/v2\/product\/662"}],"collection":[{"href":"http:\/\/pamiatki.leszno.pl\/index.php\/wp-json\/wp\/v2\/product"}],"about":[{"href":"http:\/\/pamiatki.leszno.pl\/index.php\/wp-json\/wp\/v2\/types\/product"}],"wp:featuredmedia":[{"embeddable":true,"href":"http:\/\/pamiatki.leszno.pl\/index.php\/wp-json\/wp\/v2\/media\/593"}],"wp:attachment":[{"href":"http:\/\/pamiatki.leszno.pl\/index.php\/wp-json\/wp\/v2\/media?parent=662"}],"curies":[{"name":"wp","href":"https:\/\/api.w.org\/{rel}","templated":true}]}}

Magnes &#8211; Leszno żużel

<p>pamiątkowy magnes na lodówkę</p>
<p>&nbsp;</p>
