{"id":654,"date":"2020-02-20T14:15:28","date_gmt":"2020-02-20T13:15:28","guid":{"rendered":"http:\/\/pamiatki.leszno.pl\/?post_type=product&#038;p=654"},"modified":"2025-12-17T12:19:10","modified_gmt":"2025-12-17T11:19:10","slug":"borowiak","status":"publish","type":"product","link":"http:\/\/pamiatki.leszno.pl\/index.php\/produkt\/borowiak\/","title":{"rendered":"Ksi\u0105\u017cka &#8222;Wojna i okupacja we wspomnieniach J\u00f3zefa Borowiaka&#8221;"},"content":{"rendered":"","protected":false},"excerpt":{"rendered":"<p>Wojna i okupacja we wspomnieniach J\u00f3zefa Borowiaka &#8211; leszczy\u0144skiego nauczyciela<\/p>\n<p>pod redakcj\u0105 El\u017cbiety Olender<\/p>\n<p>mi\u0119kka oprawa, 128 stron<\/p>\n","protected":false},"featured_media":606,"template":"","meta":[],"_links":{"self":[{"href":"http:\/\/pamiatki.leszno.pl\/index.php\/wp-json\/wp\/v2\/product\/654"}],"collection":[{"href":"http:\/\/pamiatki.leszno.pl\/index.php\/wp-json\/wp\/v2\/product"}],"about":[{"href":"http:\/\/pamiatki.leszno.pl\/index.php\/wp-json\/wp\/v2\/types\/product"}],"wp:featuredmedia":[{"embeddable":true,"href":"http:\/\/pamiatki.leszno.pl\/index.php\/wp-json\/wp\/v2\/media\/606"}],"wp:attachment":[{"href":"http:\/\/pamiatki.leszno.pl\/index.php\/wp-json\/wp\/v2\/media?parent=654"}],"curies":[{"name":"wp","href":"https:\/\/api.w.org\/{rel}","templated":true}]}}

Książka &#8222;Wojna i okupacja we wspomnieniach Józefa Borowiaka&#8221;

<p>Wojna i okupacja we wspomnieniach Józefa Borowiaka &#8211; leszczyńskiego nauczyciela</p>
<p>pod redakcją Elżbiety Olender</p>
<p>miękka oprawa, 128 stron</p>
