{"id":644,"date":"2020-02-19T13:32:47","date_gmt":"2020-02-19T12:32:47","guid":{"rendered":"http:\/\/pamiatki.leszno.pl\/?post_type=product&#038;p=644"},"modified":"2025-11-22T13:20:23","modified_gmt":"2025-11-22T12:20:23","slug":"magnes-z-logo","status":"publish","type":"product","link":"http:\/\/pamiatki.leszno.pl\/index.php\/produkt\/magnes-z-logo\/","title":{"rendered":"Magnes z logo &#8222;LESZNO 100 lat odzyskania niepodleg\u0142o\u015bci&#8221;"},"content":{"rendered":"","protected":false},"excerpt":{"rendered":"<p>pami\u0105tkowy magnes<\/p>\n<p>&nbsp;<\/p>\n","protected":false},"featured_media":592,"template":"","meta":[],"_links":{"self":[{"href":"http:\/\/pamiatki.leszno.pl\/index.php\/wp-json\/wp\/v2\/product\/644"}],"collection":[{"href":"http:\/\/pamiatki.leszno.pl\/index.php\/wp-json\/wp\/v2\/product"}],"about":[{"href":"http:\/\/pamiatki.leszno.pl\/index.php\/wp-json\/wp\/v2\/types\/product"}],"wp:featuredmedia":[{"embeddable":true,"href":"http:\/\/pamiatki.leszno.pl\/index.php\/wp-json\/wp\/v2\/media\/592"}],"wp:attachment":[{"href":"http:\/\/pamiatki.leszno.pl\/index.php\/wp-json\/wp\/v2\/media?parent=644"}],"curies":[{"name":"wp","href":"https:\/\/api.w.org\/{rel}","templated":true}]}}

Magnes z logo &#8222;LESZNO 100 lat odzyskania niepodległości&#8221;

<p>pamiątkowy magnes</p>
<p>&nbsp;</p>
