{"id":1141,"date":"2023-05-30T11:32:42","date_gmt":"2023-05-30T09:32:42","guid":{"rendered":"http:\/\/pamiatki.leszno.pl\/?post_type=product&#038;p=1141"},"modified":"2025-12-17T12:09:37","modified_gmt":"2025-12-17T11:09:37","slug":"ludzie-i-czasy-tom-4","status":"publish","type":"product","link":"http:\/\/pamiatki.leszno.pl\/index.php\/produkt\/ludzie-i-czasy-tom-4\/","title":{"rendered":"Ludzie i Czasy TOM 4"},"content":{"rendered":"","protected":false},"excerpt":{"rendered":"<p>Leszno we wspomnieniach mieszka\u0144c\u00f3w &#8211; cykl opowie\u015bci ludzi, kt\u00f3rzy mieli istotny wp\u0142yw na \u017cycie i wygl\u0105d naszego miasta.<\/p>\n","protected":false},"featured_media":1142,"template":"","meta":[],"_links":{"self":[{"href":"http:\/\/pamiatki.leszno.pl\/index.php\/wp-json\/wp\/v2\/product\/1141"}],"collection":[{"href":"http:\/\/pamiatki.leszno.pl\/index.php\/wp-json\/wp\/v2\/product"}],"about":[{"href":"http:\/\/pamiatki.leszno.pl\/index.php\/wp-json\/wp\/v2\/types\/product"}],"wp:featuredmedia":[{"embeddable":true,"href":"http:\/\/pamiatki.leszno.pl\/index.php\/wp-json\/wp\/v2\/media\/1142"}],"wp:attachment":[{"href":"http:\/\/pamiatki.leszno.pl\/index.php\/wp-json\/wp\/v2\/media?parent=1141"}],"curies":[{"name":"wp","href":"https:\/\/api.w.org\/{rel}","templated":true}]}}

<p>Leszno we wspomnieniach mieszkańców &#8211; cykl opowieści ludzi, którzy mieli istotny wpływ na życie i wygląd naszego miasta.</p>
